 2/4. Calculate v(z).
-1
Let n(p) = -p - 5. Let u = 6 + -12. Give n(u).
1
Suppose -4*i + 10 = -5*m - 12, -5*m - 13 = -i. Let h(c) = 3*c**2 - 1. Calculate h(m).
11
Suppose 3*a + 2*a - 35 = 0. Suppose 3*l - a = -1. Let v(z) = 5 - 6*z - z**3 + 0 + 5*z**l - 3. Determine v(4).
-6
Let f(v) = 3*v**2 + 2*v + 1. Let o be f(-1). Let n(l) = l - 1 + 3*l + l**o + l - 4*l. Give n(-2).
1
Let f(l) = 5*l - 1. Let d = -18 - -20. Determine f(d).
9
Let g = -3 - -3. Let p be (-1)/(-2)*(0 + g). Let i(s) = s - 1. Let f(d) = -4*d + 3. Let z(l) = f(l) + 5*i(l). What is z(p)?
-2
Let n be 2*-1 - (4 - 7). Let v(i) = -5*i**2 - 2*i + 1. Give v(n).
-6
Let p be ((-1)/2)/(3/18). Let d(z) be the first derivative of -z**2/2 - 4*z + 15. Give d(p).
-1
Let i = -28 + 30. Let l(x) = x**3 - 2*x**2 - 3*x + 3. What is l(i)?
-3
Let v(h) = 2*h**2 - 5*h - 3. Suppose 2*j = 4*j - 8. Let n(z) = 5*z**2 - 9*z - 5. Let g(r) = j*n(r) - 7*v(r). Give g(1).
6
Let u(c) = -c**3 - 5*c**2 - 2*c - 5. Let v(r) = -r**3 - 6*r**2 - 3*r + 7. Let o be v(-6). Suppose -5*a - o = -0*a. Calculate u(a).
5
Let l(x) = x**3 + x**2 + x - 1. Let u(j) = 6*j**3 + 6*j - 2. Let h(f) = 4*l(f) - u(f). Determine h(2).
-6
Let v be (2 + (-8)/4)/1. Let j(q) = v*q**2 - q**2 + 5 + q**3 - 3*q + 0*q**2 + 4*q**2. What is j(-4)?
1
Let p(n) = -2 - 2 + n + 4 - 2. Suppose 2*f + 8 = -2*f. Calculate p(f).
-4
Let q(g) = g**2 + 12*g + 14. Let v be q(-11). Let k(p) = -4*p. Let x(t) = -t. Let d(h) = v*x(h) - k(h). Let u be 4 - (-2)/2*2. Give d(u).
6
Let m(q) = -2*q + q + 3 - 17. Calculate m(0).
-14
Let y(t) = -t. Let u(r) = -r**2 - 11*r - 3. Suppose 3*q - 4 = -1. Let l(p) = q*u(p) - 5*y(p). Give l(-4).
5
Let d(b) be the first derivative of b**2/2 - 6*b - 11. Calculate d(8).
2
Let m(z) = -z - 1. Let f be 3 + (2 - -1)/(-3). Give m(f).
-3
Let t(c) = c**2 + 5*c + 4. Let k(m) = -3*m**2 + 10*m + 11*m + 6 - 9*m + 4*m**2. Let p be k(-11). Calculate t(p).
4
Suppose 0 = -2*u - 0 + 6. Suppose -u*q = -2*q - 16. Let h be q/(-6)*(-3)/(-2). Let k(z) = -z**2 - 2*z + 3. Give k(h).
-5
Suppose -4*f = 4 - 16. Suppose 0 = f*p + 3. Let n(h) = 2*h**3 + h + 1. Determine n(p).
-2
Let v be (-190)/(-8) + 3/(-4). Suppose 2 + v = 5*u. Let n(a) be the second derivative of a**4/12 - a**3 + 5*a**2/2 - a. Calculate n(u).
0
Let a(r) = r**3 + 2 + 5*r**2 - r**2 + 3*r + 0. Let d = -11 + 20. Suppose 3*k + 0*k = -d. Calculate a(k).
2
Let d(s) be the first derivative of s**3 + s + 1. Let q(b) = b**2 + b - 2. Let v be q(2). Suppose 0 = -v*h - 4. Calculate d(h).
4
Let d = 19 + -48. Let w = -33 - d. Let o(m) = m**3 + 3*m**2 - 4*m - 6. Calculate o(w).
-6
Let l(z) = -1. Let a(n) = 7*n - 1. Let h(m) = a(m) - 2*l(m). Give h(-1).
-6
Let r be 12/8*10/(-3). Let u(g) = 2 - 2 + g**2 + 4*g. Give u(r).
5
Let z(p) = p - 8. Let j(h) = -2*h - 4. Let y(v) = 2*v + 3. Let r(d) = -3*j(d) - 4*y(d). Let w be r(-2). Calculate z(w).
-4
Let b(h) be the first derivative of -h**3/3 - 17. Determine b(-2).
-4
Let d(y) be the second derivative of 1/3*y**3 + 0 - 3*y + 0*y**2. Calculate d(2).
4
Suppose -r - 15 = -4*t, 2*r = 2 - 0. Let c(n) be the third derivative of n**5/60 - n**4/6 - 2*n**3/3 - 10*n**2. Give c(t).
-4
Let q(z) = -z - 1. Let x be q(3). Let l = -7 - x. Let w(i) = i**2 + 2*i - 1. Determine w(l).
2
Let j be (-52)/(-20) + (-2)/(-5). Suppose 0 = j*a - 2*a. Suppose p + 1 = -5*v + 9, 2*p - v - 5 = a. Let w(z) = z**3 - 2*z**2 - z - 1. What is w(p)?
5
Let j(k) = 11*k**2 + 17*k - 11. Let l(a) = 5*a**2 + 8*a - 5. Let y(o) = -6*j(o) + 13*l(o). Give y(5).
-14
Suppose -3*t + 2 = -5*h, -3*h + 2*t = -0*t + 2. Let y(w) = 2*w**3 - 4*w**2 + 3*w - 2. Calculate y(h).
4
Let x(j) = 4*j - 1. Let q(a) = -2*a. Let w be (10*1)/((-2)/(-1)). Suppose 5*i = -w*p - 50, 2*i - 4 + 6 = 0. Let o(m) = p*q(m) - 4*x(m). What is o(-4)?
-4
Suppose m - 8 - 6 = -2*a, -5*a + 21 = -m. Let u(z) = z**2 - z - 3. Calculate u(m).
9
Let h(k) = -5*k**3 + 5*k**2 - 3*k - 6. Let c(b) = -14*b**3 + 15*b**2 - 8*b - 17. Let l(d) = 6*c(d) - 17*h(d). Suppose 1 = -2*s - 7. Determine l(s).
4
Let k(v) = v - 7 + 0 + 0*v. Let q be (-1 + 1)/1 + 7. Let n = 12 - q. Give k(n).
-2
Let q(s) = s - 1. Let k(w) be the second derivative of w**3/6 - w. Let p be k(1). Let u(m) = -1. Let n(x) = p*u(x) + q(x). Determine n(4).
2
Let r = 7 - 3. Let t(n) = -1. Let c(j) = -j + 4. Let q(o) = -c(o) - 2*t(o). Determine q(r).
2
Let d(c) = 16*c + 1 - 27*c + 8*c. Give d(1).
-2
Let t(o) = -o - 13. Let x = 14 - 9. Let c(z) = -5*z - 16. Let m(r) = -4*r - 17. Let j(v) = -2*c(v) + 3*m(v). Let h(n) = x*j(n) - 8*t(n). Determine h(6).
-3
Let s = 0 - 0. Suppose 5*z + 0*z = s. Suppose 3*u - 2*p - 8 = 7*u, z = 4*u + 5*p - 4. Let k(l) = 2*l + 4. Give k(u).
-4
Let g be 6*(-2)/(-4)*-2. Let j = -4 - g. Let f(l) = -j*l**2 - 5 - 5*l + 0*l + l**2. Calculate f(-5).
-5
Let h(n) be the first derivative of n**3/3 - 3*n**2 + 6*n + 5. Determine h(4).
-2
Let w(f) be the first derivative of -f**3/3 + f**2 + 8*f + 5. What is w(6)?
-16
Let h(b) = -b**2 - 6*b - 4. Let c(q) = q**3 + 10*q**2 + 23*q + 9. Let k be c(-7). Determine h(k).
1
Let b(z) = z + z**2 - 8 - 1 + 15 - 1. Give b(0).
5
Suppose -n - 13 = -3*w, 32 = 4*w - 2*w + 4*n. Let i(r) = 3*r**2 - 2*r - 4 - 2*r - 2*r**2 + w. What is i(5)?
7
Let b(l) be the third derivative of -l**6/120 - 3*l**5/20 - 7*l**4/24 - l**3/2 - 22*l**2. Determine b(-8).
-11
Suppose 9 = 5*t - 21. Let n = 4 + -2. Let h(k) = -t - 3*k - n*k + 4*k. Calculate h(-5).
-1
Let d(l) = -l**2 - 6*l - 5. Let h be d(-5). Let j(n) = n**3 + n**2 - 2. What is j(h)?
-2
Let a(d) = d**3 - 8*d**2 + 6*d - 3. Let l be 3 + 4*(5 - 4). Calculate a(l).
-10
Let a(s) = -20*s + 20. Let q(k) = -8*k + 8. Let b(g) = -5*a(g) + 12*q(g). Let z(i) = 3*i - 3. Let v(m) = 4*b(m) - 5*z(m). What is v(4)?
3
Let f(x) = x - 2. Let m(p) = p**3 - 2*p + 2. Let o be m(2). Let c be f(o). Let i be 2*(2/c - 2). Let u(k) = k**3 + 3*k**2 - 2*k. Give u(i).
6
Let j(n) be the third derivative of 5/24*n**4 - 1/60*n**5 + 4*n**2 - 1/6*n**3 + 0*n + 0. What is j(4)?
3
Let f(v) = 5*v**2 - 3*v + 6. Let o(w) = -4*w**2 + 3*w - 6. Let d(t) = 3*f(t) + 4*o(t). Determine d(4).
-10
Suppose -5*w + 24 = -21. Let i = w + -3. Let r(y) = -y + 1. Calculate r(i).
-5
Let s(t) = t**2 + 3*t + 4. Let w(u) = -1. Let q(n) = -s(n) - 3*w(n). What is q(-2)?
1
Let g(b) = -b. Let x be g(1). Let p = -5 - -2. Let k = p - x. Let v(u) = -u**3 - 2*u**2 - 2*u + 2. Calculate v(k).
6
Let m(r) be the first derivative of 1 - 3/10*r**5 + 1/3*r**3 - 2*r + 1/2*r**2 + 1/12*r**4. Let c(o) be the first derivative of m(o). Determine c(-1).
6
Let l(j) = 2*j**2 - 72 + 78 + 10*j + 3*j**2 - 4*j**2. Give l(-6).
-18
Let x(t) = 4*t - 4. Let o(b) = 0 + 5*b - 3 - 1. Let y(a) = 2*o(a) - 3*x(a). Give y(4).
-4
Let z(t) = -t**2 - t - 1. Let y(h) = -11*h**3 + h. Let q be y(1). Let g be 4/q + 12/5. Give z(g).
-7
Suppose 2*m + 2 = 3*v + v, -4 = -5*v + 2*m. Let t(x) be the first derivative of -12*x - 1/2*x**2 + v. Give t(-6).
-6
Let h(u) = u**3 - 11*u**2 - 11*u - 10. Let z be h(12). Let a(i) be the second derivative of 0 + 1/12*i**4 - 1/2*i**z - 3*i + 1/2*i**3. Calculate a(-3).
-1
Let l(g) = g + 9. Let i = -16 - -24. Let z(m) = -9*m**2 + 2*m**3 - 3*m**3 - 7*m - 4 + i. Let t be z(-8). What is l(t)?
5
Let y(w) be the first derivative of 3*w**2/2 - 6*w + 2. Let u be y(5). Suppose 0 = -4*k - 2*l - 2, 5*k + u - 2 = -4*l. Let o(m) = -2*m - 1. Calculate o(k).
-3
Let c(h) be the second derivative of -h**5/20 - 2*h**4/3 - 5*h**3/6 + 9*h**2/2 + h. Determine c(-7).
-5
Let p(b) be the third derivative of b**6/120 + b**5/10 - 7*b**4/24 - 7*b**3/6 + b**2. Let j = -151 + 144. Determine p(j).
-7
Let l(b) = -4 - b - 1 + 4. Calculate l(-2).
1
Let i = 12 - 7. Suppose -3 = 3*v, i*s - v + 3*v = 23. Let q(o) = o**3 - 6*o**2 + 6*o - 4. Calculate q(s).
1
Let z(s) = -8*s - 6. Let q(o) = 7*o + 5. Let x(b) = -6*q(b) - 5*z(b). Calculate x(3).
-6
Let i(o) = -3*o + 4. Let l(d) = 2*d - 3. Let y(w) = 4*i(w) + 5*l(w). Let m be (-11 + 3)*6/(-8). Let u = m + -3. Calculate y(u).
-5
Let b(c) = 7*c**2 + 3*c - 12. Let g(v) = -3*v**2 - 2*v + 6. Let f(u) = -2*b(u) - 5*g(u). Let r be 2/(-14) + 544/(-112). Determine f(r).
-1
Let k(a) = -a**2 + 2*a + 2. Let b be 2*(-2 + 1/1). Calculate k(b).
-6
Suppose 2*n = 29 - 27. Let g(w) = -18*w**3 + 2*w**2 - w. Calculate g(n).
-17
Suppose 3 = -t + 5, 0 = 3*c - 3*t - 3. Let r be (c/4)/(33/88). Let p(k) = -2*k*